he highest common factor of 24 and i.
12
Let g(h) = 27*h + 0 - 9 - 18*h + 8. Suppose -6*b - 2*q = -b - 21, 3*q = 5*b - 31. Let d be g(b). What is the greatest common divisor of 11 and d?
11
Let w be 23 + -28 - 1*-19. What is the greatest common divisor of 18 and w?
2
Let y(b) = 83*b + 7. Let t be y(1). What is the highest common factor of 60 and t?
30
Let a = 263 - 165. Suppose -7*x + 14 + a = 0. What is the highest common divisor of 2 and x?
2
Suppose 2*c = -c - 3*i + 129, 0 = -2*c + 4*i + 104. Suppose 3*z = x - 5*x + c, -2*z - 4*x + 28 = 0. Calculate the greatest common divisor of 198 and z.
18
Suppose -9*a + 414 = -306. What is the greatest common factor of 64 and a?
16
Let h = -5 + 185. Calculate the highest common factor of 18 and h.
18
Let v(z) = -5*z + 15. Let l be v(-3). What is the highest common divisor of 190 and l?
10
Let y = -40 + 41. Suppose -y - 5 = -2*w, -3 = -r + 2*w. Calculate the greatest common factor of 9 and r.
9
Suppose -975*l + 979*l - 420 = 0. What is the highest common divisor of 6 and l?
3
Let p(m) = -4*m**3 + 3*m**2 + m - 6. Let k be p(6). Let c be k/(-198) - ((-2)/11 + 0). Calculate the highest common divisor of c and 44.
4
Suppose 0*r - 2*r + w = -110, 3*r + w - 165 = 0. What is the greatest common factor of 385 and r?
55
Let y(o) = 10*o. Suppose 0 = -3*d + 4*d - 7. Let a be y(d). Let v = a + -18. Calculate the highest common divisor of 13 and v.
13
Let j(i) = 0*i**3 + i**3 + 4*i + 2*i**2 + 4*i**2 - 2*i**3 - 8. Let q be j(6). Calculate the highest common factor of 40 and q.
8
Suppose f = -2*h - 0*h + 68, -2*h - 5*f + 52 = 0. Suppose -3*i + 3*p + 0*p + 51 = 0, -5*p + 11 = 3*i. Calculate the greatest common factor of h and i.
12
Let v be (15/(-12))/(2/(-160)). Suppose -15*a - 430 = -805. Calculate the greatest common divisor of v and a.
25
Let q(o) = -30*o - 35*o + 6*o**2 + 6*o**2 + 66*o + 1. Let a be q(2). What is the greatest common divisor of a and 17?
17
Let f(q) = -q**3 - q**2 + 2*q + 1. Let g be f(2). Let p(o) = -o + 7. Let k be p(g). Calculate the greatest common divisor of 154 and k.
14
Let x = -63 - -70. Let t(q) = -q**3 + 5*q**2 + 25*q - 9. Let j be t(x). What is the greatest common factor of j and 17?
17
Suppose 6*x + 28 = 322. Let n be (-24)/(-42)*x/2. What is the highest common divisor of n and 14?
14
Let h be (-15)/6*12/(-15). Suppose -h*s = -143 - 451. Suppose u = -4*i + 60, -u - 3*i = -5*u + s. Calculate the greatest common factor of u and 9.
9
Suppose 2*u + d = 29, 4*d + 35 = u + 7. What is the highest common divisor of 100 and u?
4
Suppose 0 = 3*h - z - 4422, -4*z = -4*h + 3791 + 2097. Calculate the highest common divisor of 25 and h.
25
Let k be 365/146*(-16)/(-10). What is the highest common factor of k and 14?
2
Let g be (9/(-4))/((-39)/5200). Suppose -a = 4*f - 80, -4*a + g = 5*f + 24. Suppose -l = -5*l + a. Calculate the greatest common divisor of l and 4.
4
Let l = 49 - 29. Let v(u) = -11*u - 3. Suppose 5*q - 25 = 0, h - 4*q + 29 = -2*h. Let p be v(h). What is the greatest common factor of l and p?
10
Let h(c) = -5*c + 5. Let x(r) = -1. Let b(o) = -h(o) + 15*x(o). Let a be b(6). Let m = 195 + -115. What is the greatest common divisor of m and a?
10
Suppose -61*i + 81831 - 7350 = 0. Calculate the greatest common divisor of 33 and i.
33
Let a(i) = -9*i - i**2 - 1 - 2*i - 18. Let z be a(-8). Suppose 39 = -2*k + z*k. What is the greatest common divisor of 52 and k?
13
Suppose -8*u + 1287 = u. Calculate the highest common factor of 55 and u.
11
Let n = -12 + 24. Let w = 136 + -96. Let q = w - n. Calculate the highest common divisor of q and 14.
14
Suppose -40*r = 52*r - 5704. What is the greatest common divisor of r and 2294?
62
Suppose 22 + 26 = 2*w. Suppose -b - 3*b + w = -4*h, -4*h = -b - 3. What is the highest common factor of 27 and b?
9
Suppose 130 = v + 4*v. Calculate the greatest common factor of v and 2.
2
Let z(x) = -x**3 + 5*x**2 - 15. Let v be z(4). What is the highest common divisor of v and 27?
1
Let l(x) = -x**2 - 9*x + 22. Let w(m) = 3*m**2 + 26*m - 66. Let a(s) = -11*l(s) - 4*w(s). Let d be a(-5). What is the greatest common divisor of d and 242?
22
Let q = 100 + -100. Let s be (-3 - q)/((-8)/160). Calculate the highest common divisor of 36 and s.
12
Suppose -5*i - 4*h + 173 = 0, 0 = 7*i - 4*i + 3*h - 105. What is the highest common factor of i and 11?
11
Suppose 4*k = 3*v + 196, 0 = k + 34*v - 29*v - 49. What is the highest common factor of k and 21?
7
Suppose 24 = 3*j - 0. Let k(g) = -g**3 + 8*g**2 + 3*g - 12. Let w be k(j). What is the highest common factor of 18 and w?
6
Suppose 2*t - 1 = -5*k + 273, 6*k - 4*t = 316. What is the greatest common factor of 513 and k?
27
Suppose 3*f = q + 13, -18*f + 17*f + 2*q = -6. Suppose 0 = 2*d - 3*j - 47, -7*j + 96 = 3*d - 3*j. What is the greatest common factor of f and d?
4
Let x(m) = 2*m**3 + 24*m**2 + 20*m + 34. Let q be x(-11). What is the greatest common factor of 182 and q?
14
Let t be (-12)/9*(-6)/4. Let m be (-2)/t*-21*2. Suppose -630 - 525 = -55*n. Calculate the highest common factor of n and m.
21
Let m be (-1)/9 + (-73)/(-9). Let q be (-5)/2*6/(-3). Suppose -5*i + 450 = q*v, i + 178 = 2*v + 2*i. What is the greatest common divisor of m and v?
8
Suppose -l - l + 2*p + 64 = 0, -p + 104 = 3*l. Suppose -4*k = i - l, -2*k + 2*i + 20 = -2. What is the greatest common factor of k and 18?
9
Suppose 5*t + 10 = 0, -2*j - 5*t + 1 - 3 = 0. Let o(s) = s**2 + 2*s - 2. Let i be o(-3). Let r = i + j. What is the highest common divisor of 5 and r?
5
Let o(y) = -3*y**2 + 7*y - 6. Let s be o(8). Let c = -43 - s. Let j = -30 - -63. Calculate the greatest common divisor of c and j.
33
Suppose r - 4 = 0, 15 = -2*t - 5*r + 61. Suppose -m - 60 - t = -a, 2 = -2*m. Calculate the highest common divisor of 18 and a.
18
Let g = 25 - 17. Let f = 18 + -19. Let o = 21 + f. What is the highest common factor of g and o?
4
Let m be 7*1*(7 + 2). Suppose 33 = 12*u - 75. Calculate the greatest common divisor of m and u.
9
Let r be 342/12*((10 - -1) + -3). What is the greatest common divisor of 285 and r?
57
Let h(j) = j**2 - 6*j + 8. Let s be h(10). Let i(g) = -g**3 + 5*g**2 - 6*g + 36. Let c be i(5). What is the greatest common divisor of c and s?
6
Let n be (0 - (1 - -2)) + 3. Let f be 4 - 1*(n + 0). Suppose 145 = f*k + 37. Calculate the greatest common divisor of 27 and k.
27
Let k = 47 + -34. Let d(p) = p**3 - 7*p**2 - 10*p - 59. Let u be d(9). What is the highest common factor of k and u?
13
Suppose -4*o - 7*o + 44 = 0. Suppose -4*r + 5*j - o*j + 20 = 0, 0 = 4*j. Calculate the highest common divisor of r and 10.
5
Let q be 590/15*(-12)/(-16)*2. What is the greatest common divisor of 1 and q?
1
Let m be 147/(-2 + -1)*-2. Calculate the highest common divisor of 882 and m.
98
Suppose -n + 5 = 5*f - 31, 18 = 3*n - 3*f. Let z(d) = 7*d**2 + 4*d + 2. Let r be z(-2). What is the highest common factor of r and n?
11
Let d be (-12072)/(-84) - ((-6)/21 + 0). What is the highest common divisor of 90 and d?
18
Suppose -21*m + 75*m = 71982. What is the greatest common factor of m and 43?
43
Suppose -2*j - 545 - 375 = -5*x, -5*x + 895 = 3*j. Calculate the greatest common factor of 35 and x.
7
Let f be 2*4/(40/(-335)). Let g = 72 + f. Calculate the greatest common factor of g and 20.
5
Suppose 229 - 25 = -a + 35*a. Let t(q) = -q + 1. Let j be t(-5). What is the greatest common factor of j and a?
6
Let k = -296 + 361. What is the highest common factor of 520 and k?
65
Let n(u) = 3*u - 1. Suppose 2*w - 8 = 0, 2*w = -2*b + 3*b + 3. Let q be n(b). Calculate the greatest common factor of 14 and q.
14
Let f = 49 + -9. Suppose n = 44 + f. Let s = n - 30. Calculate the highest common factor of 18 and s.
18
Let b = -42 + 0. Suppose 0 = 5*d - 3*p - 25, 3*d + 0*p + 4*p = -14. Let q be b/(-2) + (d - 3). What is the greatest common divisor of q and 140?
20
Let k be (-4)/(-14) - (-8790)/105. Let o be ((-24)/10)/((-3)/(17 - 2)). What is the greatest common factor of o and k?
12
Let n = 24 - 10. What is the greatest common factor of n and 77?
7
Let u(y) = y**2 + 3*y - 100. Let g be u(-17). What is the greatest common divisor of 345 and g?
69
Suppose 5*k + 63 = 14*k. Suppose 4*c + 0 = -q + 1, 3*q + 5*c - 38 = 0. Calculate the greatest common divisor of q and k.
7
Let w be 198/24 - (-2)/(-